= s. What is the hundreds digit of r?
0
Let g be (-4 - -5) + 34 + (-4 - -4). Suppose -g = 12*d - 143. What is the tens digit of 267*(-1)/d*3*-1?
8
Let n be 39/18 + (-9)/54. Suppose n*t - t = 19. Suppose 0 = z - 98 + t. What is the tens digit of z?
7
Let l(g) = -g**2. Suppose 98*a = 97*a - 1. Let j(k) = 2*k**3 + 3*k**2 + k - 5. Let m(w) = a*j(w) - l(w). What is the tens digit of m(-4)?
0
Suppose -10*x - 2 = -8*x - 2*l, 5*x + 2*l - 16 = 0. Suppose x*v = 4*v + 2*t - 1236, -5*v = -3*t - 3082. What is the tens digit of v?
1
Let n(x) = 311*x**2 - 5*x + 6. Let t = 439 - 438. What is the hundreds digit of n(t)?
3
Let k = 90 + -4. Suppose k*o - 89*o = -243. Suppose 0 = r + 4*w - 98, 0 = -2*r - w + 108 + o. What is the tens digit of r?
9
Let f = 10602 - 4250. What is the units digit of f?
2
Let f = 71 - 74. Let n be 2/1*1 - f. Suppose 5*s = n*o + 815, -o + 2 = 6. What is the hundreds digit of s?
1
Let t(p) = 11 + 41*p - 5 - 2 + 10. What is the hundreds digit of t(10)?
4
Let l be -206 + 4/(-3 - -7). Let k = -155 - l. What is the tens digit of k?
5
Suppose -3*g + 296 = i, -5*g - 5*i = -761 + 281. Let y = -148 + g. Let o = y - -66. What is the units digit of o?
8
Let o be (-154)/33*(-6)/4. Suppose -o*r + 19 = -9. What is the tens digit of (r/6)/(((-20)/1596)/(-5))?
6
Let w(a) = -17*a - 93. Let b(i) = -11*i - 62. Let f(g) = 7*b(g) - 5*w(g). Let r = 641 + -627. What is the tens digit of f(r)?
4
What is the hundreds digit of (8 + 91495)/27 - 6?
3
Let b = -527 - 1615. Let h = -817 - b. What is the units digit of h?
5
Suppose 0 = -15*b + 7*b + 24. Suppose 10 = b*d + 1. Suppose -2*q + 19 = -4*g + 381, d*q + 365 = 4*g. What is the units digit of g?
9
Let c = 2862 - 1427. Suppose 2*h - 2*y - 1774 = 0, -3*h - 3*y + 1256 = -c. What is the units digit of h?
2
Suppose -11*c + 10364 = -7588. Let y = -1159 + c. What is the tens digit of y?
7
Let b be (-5)/10 + (-1506)/(-4). Let z = 523 + -787. Let p = b + z. What is the tens digit of p?
1
Suppose -19*s + 202758 = -129305. What is the ten thousands digit of s?
1
Let v = 5299 + 5998. What is the thousands digit of v?
1
Let s(h) be the second derivative of h**5/20 + 17*h**4/12 - 5*h**3/3 + 29*h**2/2 + 22*h. What is the tens digit of s(-17)?
9
Suppose 0 = 295*j - 3283704 + 125984 - 1009745. What is the ten thousands digit of j?
1
Suppose 22*d = 652 + 1460. What is the tens digit of (-16)/d - 14870/(-12)?
3
Let w(t) = 5*t**2 + 34. Let m(p) = 4*p**2 + p + 35. Let v(k) = 4*m(k) - 3*w(k). What is the tens digit of v(17)?
9
Let r(o) be the first derivative of 399*o**2 - 8*o - 158. What is the units digit of r(1)?
0
Suppose 3*u - 68 + 206 = 0. Let n be (69/u)/(6/(-20)). Suppose -132 = -n*g + 3*g. What is the units digit of g?
6
Suppose 5*y = 4*t + 2772, 3*y - 1606 = -3*t + 41. Suppose 0 = -h - r + y - 65, 0 = 5*h - r - 2459. What is the hundreds digit of h?
4
Let u(l) = -4 + 0*l**3 - 21*l**2 + 10*l + 2 - l**3 + 7*l**2. Let n be u(-12). What is the units digit of 5/(-20) - n/8?
1
Suppose -2*k = -6*k + 496. Suppose 3*w - 426 = -2*i, 998 = 4*i - 5*w + k. What is the tens digit of i?
1
Let i(d) = 86*d**2 - 113*d + 1208. What is the tens digit of i(10)?
7
Let l = -44 + 15. Let k = l + 4. What is the units digit of k/(-10) - (1/2 - 0)?
2
Suppose 0 = -3*i + f + 1744, -3*i = 2*i + 2*f - 2903. Suppose -2*l - 49 = i. Let j = -184 - l. What is the units digit of j?
1
Let j be 16/12 - (-70)/15. Suppose l = -n + j, 10 = -5*l + 3*n + 32. Suppose -693 = l*m - 14*m. What is the units digit of m?
7
What is the units digit of (-1)/2*(2*72507/(-6) + -1)?
5
Let j be 100 - (2 - -14)/4. Suppose 0 = 8*b - 6*b + j. What is the tens digit of (-1)/((-20)/b)*-25?
6
Suppose 15 = 5*m - 0. Suppose 0*j + 1935 = 4*j + m*g, 3*g = -3*j + 1455. What is the units digit of j?
0
What is the thousands digit of 22/(-33) + 25229/3?
8
Let u = 13711 - 1692. What is the hundreds digit of u?
0
Let r be (-2)/3 + 43/(-3). Let l = -220 - -226. What is the units digit of (r/10)/(l/(-380))?
5
Let w be ((-77)/154)/((-1)/1480). Let u be 10 + -1 + 1 + -1. Suppose 4*l + w = u*l. What is the tens digit of l?
4
Let l = -97 - -85. What is the hundreds digit of 23/(-92) + (-11079)/l?
9
Let z = 608 - 608. Suppose z = -5*b - 2*w + 2524, -4*b + 91*w + 2015 = 94*w. What is the hundreds digit of b?
5
Let l be (6/(-15))/(2/10). What is the units digit of (-17 - -19)/(l/(-240))?
0
Let s(t) = -t**2 + 3*t + 7. Let w be s(4). Let k = -98 - -126. Suppose w*o = k + 11. What is the tens digit of o?
1
Let q be (63/(-14) + 5)*1626. Let a = q + -16. What is the units digit of a?
7
Let l(f) = -32*f**3 + 16*f**2 + 17*f - 66. What is the ten thousands digit of l(-8)?
1
Let m = 10564 + -6509. What is the hundreds digit of m?
0
What is the tens digit of (-3)/(12/(-4))*(28 - 28) + 55644?
4
Let u = 4776 + -4732. What is the units digit of u?
4
Let v = -207 + 341. Let w = v - 42. What is the tens digit of w?
9
Suppose 9*t - 6*t - 5369 = 5*z, -4*z = 3*t + 4306. Let f = z - -1926. What is the hundreds digit of f?
8
Let j(m) = 975*m + 302. What is the thousands digit of j(12)?
2
Let j = 20108 + -10664. What is the hundreds digit of j?
4
Suppose -120 = -5*d - 0*d. Suppose 5*c - u + 0*u = 24, -4*c = -2*u - d. Suppose o - 36 = f + 9, -c*o + 225 = 5*f. What is the units digit of o?
0
Let y = -4690 + 17976. What is the hundreds digit of y?
2
Suppose -3*y + 65624 = 4*i, 3*i + 134 = 140. What is the tens digit of y?
7
What is the hundreds digit of (78*(-6)/30)/(5*6/(-9825))?
1
Let y(k) = -1. Let b(c) = -6*c**2 + c - 9. Let u(j) = -b(j) + 5*y(j). Let s be u(2). Suppose 0 = -8*v - s + 186. What is the tens digit of v?
2
Let r(z) = 51*z. Let w be r(3). Let j = w - 67. Let h = j + -68. What is the tens digit of h?
1
Suppose -1716 = 4*z - 2*c, -3*z + 6*z = -2*c - 1273. Let b = -58 - z. What is the tens digit of b?
6
Suppose 22*g + 22645 = 23*g - 5*a, 5*g - 113206 = 6*a. What is the units digit of g?
0
Suppose -10*l + 7*l - 3*a + 9 = 0, 0 = -2*l + 3*a + 1. Suppose -2*i + 2441 - 3 = l*y, -4*y - i = -4888. What is the thousands digit of y?
1
Let a(q) = q**2 + 3*q. Let p be a(-2). Let w(j) = j + 7. Let s be w(p). Suppose -v - 2*u = -11, u + 13 = s*v - 75. What is the tens digit of v?
1
Suppose 83*p = -80*p + 161*p + 117026. What is the hundreds digit of p?
5
Let p = 19536 + 2121. What is the hundreds digit of p?
6
Let u be 4 + -10 - (-10)/2. What is the units digit of u + 5 - -1*(3 + 83)?
0
Suppose 0 = 3*i + 2*b - 2578, 8*i - 5*b = 3*i + 4330. Suppose 2*l = 3*h + 419, -2*h + i = 8*l - 4*l. What is the hundreds digit of l?
2
Let x = 8819 + -7159. What is the units digit of x?
0
Let i(c) = 8*c - 11. Let m be i(2). Suppose y = m, 1575 = 5*q - 0*q + y. Suppose 7*j - q = 148. What is the units digit of j?
6
Let d be (165/(-22))/(3/6). Let s(r) = -r**2 + 23*r - 20. Let f be s(d). Let y = -370 - f. What is the tens digit of y?
2
Suppose 4*d = 7*d + 15. Let t(h) = h**3 + 5*h**2 - 2. Let a be t(d). What is the tens digit of a/(-13) + (1415/13 - 0)?
0
Suppose -3*s - 5*j + 149179 = 0, 0 = -s + 13*j - 8*j + 49753. What is the units digit of s?
3
Suppose 30*w = 25*w. Suppose 302 = g + p, w*p + p + 1522 = 5*g. Suppose l = -l + g. What is the tens digit of l?
5
Let m(g) = 4203*g**2 + 81*g + 242. What is the units digit of m(-3)?
6
Suppose 8*l = 5*l + 474. Suppose -z = n - 89, 0*n + 2*z + l = 2*n. Suppose 40*f - 41*f + n = 0. What is the units digit of f?
4
Suppose -5*p + i - 733 + 2340 = 0, -5*p = 2*i - 1616. Let j be 5 + 0/(0 + -1). Suppose -m + j*s = -5*m + p, -10 = -5*s. What is the units digit of m?
8
Suppose n - 353 = -5*a, n + 150 = 2*a - 3*n. Suppose 73*b = a*b + 1280. Suppose 0 = -4*v + b - 156. What is the tens digit of v?
2
Let r(h) = -h**3 - 13*h**2 + 15*h + 17. Let t be r(-14). Suppose 0 = -4*b + t*l - 0*l + 3655, -3*b + 2742 = -3*l. What is the units digit of b?
3
Suppose m + 121 = 4*v, 5*v = -0*v - 2*m + 135. Let b = v + -21. What is the units digit of (-218)/(-4) + ((-36)/b - -3)?
3
What is the hundreds digit of 8/16 + (-95057)/(-76)*1*2?
5
Let c = 6789 + -3468. What is the tens digit of c?
2
Suppose -3*o - 4*v + 65602 = 0, 5*o - 30*v = -35*v + 109330. What is the ten thousands digit of o?
2
Let v = -8 + 18. Let i(t) = -t**2 - t - 1. Let h(u) = -u**3 + 13*u**2 + 4*u + 3. Let a(z) = -h(z) - 4*i(z). What is the hundreds digit